3. Suppose -x - 2*p - 4 = 8, 25 = -5*x - 3*p. Let v be (2/4)/(x/(-12)). What is h(v)?
6
Suppose -15*i - 107 = -32. Let a(z) = 21*z**3 + 6*z**2 - 9*z**3 - 11*z**3 - 6 + 3*z. Determine a(i).
4
Let a(m) = -25*m. Let y(u) = -u**2 - 16*u + 22. Let f be y(-17). Suppose -2*t = -4*p - 8, -f*p = -0*t - 2*t + 9. What is a(p)?
25
Suppose -22*k + 15 = -27*k, 0 = -3*d + k + 9. Let l(o) = o**3 - 4*o**2 + 3*o - 3. Give l(d).
-5
Let k(a) = -2*a**2 - 2*a + 4. Let c(x) = -x**2 + 12*x - 10. Let r be c(10). Let m be (-28)/r - (-1)/(-5). Give k(m).
-8
Let y = -493 + 495. Let l(f) = -2*f**3 + 2*f**2 + 3*f - 3. Calculate l(y).
-5
Let n be ((-8)/14)/((-10)/35) - 7. Let z(w) = w**3 + 2*w**2 - 6*w + 5. What is z(n)?
-40
Suppose -8*a + 3*a = 140. Let q = a - -46. Suppose 0*l + 3*l = -q. Let j(x) = -x**3 - 6*x**2 + x + 5. Calculate j(l).
-1
Let m(y) = y - 4. Suppose -3*d + 2*d + 4*j = 13, 2*j = -4*d + 20. Determine m(d).
-1
Let k(g) be the first derivative of -1/2*g**2 - 5 + 1/3*g**3 + 8*g. Give k(0).
8
Let m(b) = -58 + 8*b**2 + 42 + 14. Determine m(-1).
6
Let t be 1 - (1 - 6/1). Let d(s) be the first derivative of 5/3*s**3 - 6*s + 9/2*s**2 + 82 - 1/4*s**4. Calculate d(t).
12
Let l(q) = -q**2 - 11*q - 15. Let x be l(-10). Let j = 1 - x. Suppose d = 3*n - 2*d - j, -d = -2. Let r(t) = 3*t - 1. Calculate r(n).
11
Let f(k) = -9004*k**2 + 9000*k**2 + k**3 + 1 + 0*k - 2*k. What is f(3)?
-14
Let c be (-4)/(-6) - 112/24. Let a(t) = -t - 3. Let i be a(c). Let m(u) = 4*u - i + 5*u + 2 + 2*u. What is m(-1)?
-10
Let k(c) be the second derivative of -c**4/6 - 31*c**3/6 + 11*c**2 + 49*c - 2. What is k(-16)?
6
Let x(o) = -10 - 4*o + 3 - 2 - 41. Determine x(-12).
-2
Let y = 2 + -6. Let l(m) = -m + 1. Let p(n) = -6*n - 3. Let b(s) = 5*l(s) - p(s). Let w(j) = -j - 7. Let f(o) = y*b(o) - 5*w(o). Calculate f(6).
9
Let z(m) = 5 + 11*m**3 - 27*m**3 + 7*m**3 + 9*m + 8*m**3 + 9*m**2. Let g be 2 + (10/1 - 2). Calculate z(g).
-5
Let l(w) be the first derivative of -w**4/12 - 9*w**2/2 + 6. Let g(c) be the second derivative of l(c). Calculate g(6).
-12
Let w(g) = -42*g**2 + 16*g - 15. Let o(i) = 23*i**2 - 8*i + 7. Let b(h) = -11*o(h) - 6*w(h). Give b(-10).
-7
Let h(k) be the second derivative of -k**4/12 + 2*k**3/3 - k**2 + 21*k + 10. Suppose 2*w - 3 = 3. Determine h(w).
1
Let a(i) = 0*i + 15 + 5 - 3*i - 1 - 32. Calculate a(-5).
2
Suppose 13*k = 10*k + 3, -2*j + 2*k = 6. Let m(i) = 3*i**3 + 3*i**2. Calculate m(j).
-12
Let y be -7 - (6 - -12)/(-6). Let x(g) = 6*g + 6. Determine x(y).
-18
Let k = 591 + -590. Let f(t) = -t**2 - 2*t + 2. Determine f(k).
-1
Let y(m) = -m**2 + 6*m + 11. Let j(l) = -l**3 - 15*l**2 + 17*l + 26. Let s be j(-16). Suppose 62 = 9*v - s. Give y(v).
-5
Let d(x) = -9*x + 1. Let v(q) = 3*q. Let n(f) = 3*d(f) + 8*v(f). Suppose 0 = -6*p - 72 + 90. What is n(p)?
-6
Let f(m) = m**3 - 9*m**2 + 11*m - 16. Let t be f(8). Let i(w) = w - 2. What is i(t)?
6
Let j be (315/(-70))/((-9)/(-6)*-1). Let y(d) be the second derivative of 3*d + 0 - j*d**2 + 1/6*d**3. Give y(4).
-2
Let s(n) = n + 6. Let x be s(-5). Suppose -2*w + 3*k = -116, 3*k + k = -2*w + 102. Let j(r) = r**2 - 48 - w + r - 4*r**3 + 102. What is j(x)?
-3
Let s(k) = 2*k**3 - 3*k**2 + 2*k - 16. Let y(u) = 4*u**3 - 6*u**2 + 4*u - 27. Let x(z) = 5*s(z) - 3*y(z). Determine x(2).
-7
Let g(j) = -6*j**2 + 6*j + 7. Let q be g(-1). Let a(c) = -c**2 - 4*c - 5. Determine a(q).
-10
Let s(g) be the first derivative of -17*g**3/3 + g**2 - g + 331. Suppose -2 = 4*r + 2*i, 2*r + i = 6*i + 17. Give s(r).
-16
Let u(q) = q + 0*q - 1 + 0*q. Let l(m) = 23*m - 3. Let k be l(0). Determine u(k).
-4
Let f = -58 + 58. Let m(n) = 327*n**2 - n - 324*n**2 + f*n. Calculate m(-1).
4
Let g(w) = w - 4*w - 1794*w**2 + 1788*w**2. What is g(-2)?
-18
Let z be 9 + 0 + 0/2. Let c be 3/12 + 1 + (-87)/12. Let s = z + c. Let t(f) = 2*f. What is t(s)?
6
Let n = -25 - -25. Suppose n = 3*f + 19 - 16. Let b(o) = 8*o + 1. Give b(f).
-7
Let w(d) be the third derivative of -11*d**6/120 + d**5/60 + d**4/24 - d**3/6 - 127*d**2. Give w(1).
-10
Let s(v) = -897*v - 5*v**2 + 864*v + 6*v**2 + 40. What is s(32)?
8
Let u(b) be the third derivative of b**5/60 + b**4/3 - 47*b**2. Calculate u(-7).
-7
Suppose 3*s + 32*f = 28*f + 1, -2*s + 5*f - 30 = 0. Let t(p) be the second derivative of 0 + 5/12*p**4 + 1/20*p**5 - 1/6*p**3 + p - 2*p**2. What is t(s)?
1
Let h(r) = -7*r**2 - 9*r - 6. Let b(x) = -6*x**2 - 7*x - 5. Let i(v) = 4*b(v) - 3*h(v). Give i(-1).
-4
Suppose 3 + 12 = 2*j + 3*h, 2*j - 5 = -h. Suppose 2*p + 3*p - 30 = j. Let v(l) = -2*l + 4 + 2*l - 6*l + 4*l. Calculate v(p).
-8
Suppose -7*l + 13*l = 7*l. Let a be 4/3 + (-4)/(-6). Let v(q) = -2*q + q - a - 1. Give v(l).
-3
Let u(p) = -p + 2. Let y(c) = c - 1. Let w(q) = 6*u(q) + 3*y(q). What is w(4)?
-3
Let j(t) = t**3 + 7*t**2 - 9*t + 1. Suppose 4*c + 25 + 7 = 0. Calculate j(c).
9
Let r be (-6)/((14 + -12)/(-2)). Let y(k) be the second derivative of 0 + 1/20*k**5 + 7/6*k**3 - k + 1/2*k**2 - 7/12*k**4. What is y(r)?
7
Let a(x) = -7*x**2 - 10*x - 6. Let s(d) = 6*d**2 + 9*d + 5. Let r(n) = 4*a(n) + 5*s(n). Determine r(-4).
13
Let n(j) = -j**3 + 14*j**2 + 3*j - 10. Let d be ((-45)/6 + 5)*56/(-10). Determine n(d).
32
Let s(w) = 120*w + 6 + 1 - 5 - 125*w. Calculate s(-4).
22
Let k(i) = -7*i + 1. Let z be 30/7 + 12/(-42). Suppose z = q - 2. Let v(m) = -m**2 + 4*m + 13. Let p be v(q). What is k(p)?
-6
Let t(a) = -18 + 11*a + 0*a**2 - 2*a**2 + 2 + 12. Calculate t(7).
-25
Let x(u) = -u**2 - u + 1. Let r(o) = o**2. Let m(l) = -10*l**2 + 2*l + 2. Let s(a) = -m(a) - 5*r(a). Let q(c) = -s(c) - 4*x(c). What is q(4)?
6
Suppose 0 = -8*w + 9*w - 5. Let o(k) = 2 - k - w*k - 5. Calculate o(-2).
9
Let t(h) be the second derivative of 1/12*h**4 + 2*h**2 - 6*h + 0 + 0*h**3. What is t(0)?
4
Let d(b) = -b - 6. Let r be d(-7). Let w be (-1 - r) + (11 - 2). Let c be 33/(-7) + (-2)/w. Let y(g) = -g**2 - 5*g - 6. Determine y(c).
-6
Let p(b) = 26*b + 26*b - 75*b + 22*b + 5. Let m be 24/2*(-1)/(-2). Determine p(m).
-1
Let g(z) = -z**2 - 2*z - 5. Suppose 18*b + 5*d + 8 = 17*b, -4*b - 2*d = 32. What is g(b)?
-53
Let k = -33 - -33. Let w(c) = -9 - c + 2 + k*c - 3. Give w(-7).
-3
Let u = -11 + 13. Let y(b) = b**u - 1 - 3*b**2 - 3*b - b + b**2. Suppose 0*f + 2 = 2*d + 2*f, 4*f - 1 = -5*d. Determine y(d).
2
Suppose 1151 = 3*t - r, 2*r + 2*r + 1148 = 3*t. Let k(l) = l**2 - 382*l + t*l + 0 - 1. Determine k(-4).
7
Let a(v) = v + 1. Let s(n) = 5*n**2 + 5*n + 5. Let i(f) = -15*a(f) + 3*s(f). Give i(-1).
15
Let s(m) be the first derivative of 1/2*m**2 + 1/3*m**3 - 4*m - 2. Give s(-4).
8
Let p(o) = -2*o**2 + 9*o - 12. Suppose -t = -s - 24 + 17, t = 4*s + 16. Give p(t).
-8
Let z(c) = -2*c + 7. Let o(y) = 2*y + 0*y - y - 4. Let i(k) = 7*o(k) + 3*z(k). Determine i(9).
2
Let h(n) = -7*n + 4*n - 2*n**2 + 4*n**2. Let d be (-60)/(-5) - (2 - 1). Let s = 13 - d. Calculate h(s).
2
Let u(p) = p**3 + 5*p**2 + 11*p + 57. Let o be u(-5). Let a(r) be the third derivative of 12*r**o + 0*r**3 + 0*r + 0 - 1/8*r**4. Determine a(4).
-12
Let k be (24 - (-5 + 3))*-1. Let d = -21 - k. Let v(c) = -c**3 - 1. Let s(t) = -6*t**3 - t**2 - 4. Let b(m) = d*v(m) - s(m). Determine b(-2).
-5
Let l(d) = d**3 - 9*d**2 + 7*d + 10. Let z(n) = 13*n + 86. Let g be z(-6). What is l(g)?
2
Let f(w) = -w**2 - 6*w + 5. Let g(v) = -v**3 + 4*v**2 + 2*v - 7. Let d be g(4). Suppose 6*z + d = -35. Give f(z).
5
Let l = 1167 + -1172. Let y(w) = -2*w + 1 + 0 + 0 + 0. What is y(l)?
11
Let j(m) = 26*m**2 - 11*m + 12. Let s(f) = 21*f**2 - 11*f + 11. Let a(q) = 4*j(q) - 5*s(q). What is a(8)?
17
Let f(o) = 2*o**2 + 7*o + 9. Let v be f(-3). Suppose 5 = -5*x + v*c - 3*c, 5*x + 5 = 4*c. Let m(b) = 2*b - 1. Calculate m(x).
-3
Suppose -4*l + 2*p - 4 = -16, 3*p = -4*l + 22. Let h(r) = l*r + 2*r - 6 - 418*r**2 + 417*r**2. What is h(4)?
2
Let k(h) be the third derivative of h**6/12 + h**5/60 + h**2. Suppose 57*b - 53*b - 72 = 0. Suppose 11*g = -b*g - 29. Calculate k(g).
-9
Let o(y) = y - 3*y**2 - y**3 - 4 - 12*y + 13*y - 4*y. Give o(-3).
2
Let k(n) = -n**3 + 7*n**2 + 9*n - 7. Suppose 8*z - 8 = 7*z. Let i be k(z). Let p(v) = 11*v**2 - 2*v + 1. Determine p(i).
10
Suppose 45 = -3*g - 2*g. Let y = 3 + g. Let z(o) be the third derivative of -o**5/60 - o**4/4 + 83*o**2. What is z(y)?
0
Let l(w) = -w**2 - 4*w. Suppose 20 = -7*o - 218. Let u = o - -